e -1867*z - 350742 = -1888*z. What are the prime factors of z?
2, 7, 1193
Suppose -11*l + 6*l + v + 162605 = 0, 3*v - 162605 = -5*l. What are the prime factors of l?
17, 1913
Let b(d) = 7*d - 38*d + 36*d + 179 - 98*d. What are the prime factors of b(-10)?
1109
Let a(i) = 1168*i + 7012. List the prime factors of a(36).
2, 5, 11, 223
Suppose 3*p + 37*p = 63*p - 194649. List the prime factors of p.
3, 7, 13, 31
Let r be 3690/164*(-8)/6. Let v(u) = -u**3 + u**2 - u + 91. Let c be v(0). Let m = r + c. List the prime factors of m.
61
Let i = -1882 - -3098. List the prime factors of i.
2, 19
Let f = 608 - 178. Suppose 4*o - 1630 + f = 0. What are the prime factors of o?
2, 3, 5
Let j(h) = -h**3 + 14*h**2 - 14*h + 15. Let z = 192 - 183. What are the prime factors of j(z)?
2, 3, 7
Suppose -3064531 = -73*n - 493316 + 223663. List the prime factors of n.
2, 3, 709
Let o(r) = -21*r**2 - 2*r**3 + 859*r + 12 + 8*r**2 - 870*r. Suppose -4*b - 32 + 10 = v, -4*v + 26 = -3*b. List the prime factors of o(b).
2, 3, 7
List the prime factors of (-12)/72 + (-336427)/(-78).
19, 227
Let k(j) = j**2 - 3*j + 16. Let a be (-12)/3*1/(-1). Let m be ((-1)/(-2) - 14/a) + 10. What are the prime factors of k(m)?
2, 11
Let p = -938 - -11006. What are the prime factors of p?
2, 3, 839
Suppose 8*b - 18714 = 10886. Suppose 13*q = 3*q + b. List the prime factors of q.
2, 5, 37
List the prime factors of (-8626310)/(-2210) - 4/13.
3, 1301
Suppose 2088 = 25*k - 13*k. Let t = k + -60. What are the prime factors of t?
2, 3, 19
Let h = 39417 + -25034. What are the prime factors of h?
19, 757
Let n(t) = 119*t**2 + 198*t + 1150. List the prime factors of n(-6).
2, 11, 193
Let u(p) be the first derivative of 22*p**3/3 - 6*p**2 + 7*p + 15. List the prime factors of u(-4).
11, 37
Let s(y) = -y**3 - y + 3. Let u be s(0). Suppose -u*g + 114 = 3*g. What are the prime factors of -3 + g/7 + (-2400)/(-21)?
2, 3, 19
Let l(i) = -2496*i + 565. What are the prime factors of l(-11)?
7, 4003
Let h = 2829 - 1895. List the prime factors of h.
2, 467
Let h = -267 - -175. Let k = -882 - -1089. Let s = k + h. What are the prime factors of s?
5, 23
Let m be 5*4/40*12/2. Suppose m*j + 213 = 585. Let w = 198 - j. List the prime factors of w.
2, 37
Let j(h) = 38*h**2 - h - 11. Let x be j(-4). List the prime factors of -1*(1/1)/((-1)/x).
601
Let j = 22 - 23. Let z be (-26)/13 + 5 + 1*j. Suppose -3*k + 2*g = -133, -6*k = -k + z*g - 195. What are the prime factors of k?
41
Let j(v) = 3*v - 3*v + 5*v + 2 - 3*v. Let w be j(3). Suppose 77 = w*a - 11. List the prime factors of a.
11
Suppose -5*j + 5*r = -110, r + 0 - 68 = -4*j. What are the prime factors of 635/15 - 6/j?
2, 3, 7
Suppose m + 191 - 1420 = 0. Suppose -549 = -y + m. What are the prime factors of (-70)/(-22) - 3 - y/(-22)?
3
Let i(j) = -j**2 - 16*j - 8. Let s be i(-16). What are the prime factors of ((3 - 5) + 160)*(-20)/s?
5, 79
Let v = 14 + -12. Suppose u = -4*m + 51, 0 = -v*u - 3*u - 25. What are the prime factors of ((-264)/m)/(5/(-35)) + 2?
2, 67
Let n be 4/22 + (-48)/44*-20. Suppose n*r = 20*r + 1078. List the prime factors of r.
7, 11
Let m(v) = 969*v**2 + 28*v - 352. List the prime factors of m(8).
2, 967
Suppose 5*d - 3*c - 47 = 0, -4*d - 5*c + 13 = -32. Let u = 50 + d. Suppose -2*r - u = -4*z, 0 = z - r - r - 12. List the prime factors of z.
2
Let b(u) = 21*u**3 - 3*u**2 - 13*u + 33. List the prime factors of b(6).
3, 487
Suppose -22807 = -3*l + g, 30384 = -12*l + 16*l + 5*g. What are the prime factors of l?
11, 691
Suppose 475*z + 462644 = 503*z. What are the prime factors of z?
13, 31, 41
List the prime factors of (-1)/(32319/(-4039) - -8).
577
Let v = -5193 - -14547. List the prime factors of v.
2, 3, 1559
Let l = 1318 + -1516. Suppose 488 = -3*h - 427. Let g = l - h. What are the prime factors of g?
107
Suppose -44*p + 108 = -17*p. Suppose 254 = v + p*z - 112, 4*v - 5*z - 1506 = 0. What are the prime factors of v?
2, 11, 17
Let x = 3439 + -2396. List the prime factors of x.
7, 149
Let h be (36/(-15))/((-14)/791)*180. Suppose 4*a - 30464 = -4*l, a = 5*l + h - 62464. List the prime factors of (2/4)/(22/l).
173
Let a(i) = -4832*i - 2163. What are the prime factors of a(-14)?
5, 7, 1871
Let a be 71*(-10)/1 + -8. Let h = -153 - a. What are the prime factors of h?
5, 113
Suppose -l = -3*l. Suppose -b - 10 + 2 = -o, l = b. Suppose 2*i - 38 + o = 0. What are the prime factors of i?
3, 5
Suppose -842*u + 841*u + 5*f + 14504 = 0, 5*u = -5*f + 72550. List the prime factors of u.
11, 1319
Let u be 9*(-4)/(-84) + 22/14. Suppose -b - 484 = -2*i, -5*i + u*b + 1098 = -110. List the prime factors of i.
2, 3, 5
Suppose 0 = -g + 57 - 2. Suppose -6*d = 7 - g. Suppose 280 = -d*b + 10*b. What are the prime factors of b?
2, 5, 7
What are the prime factors of 52467/87 - (-8)/(-116)?
3, 67
Let w(p) = 302*p + 9. Let j be w(-2). Let u = j - -643. List the prime factors of u.
2, 3
Let v = -9427 + 18045. List the prime factors of v.
2, 31, 139
Let m(a) = a**3 + a**2 + 3*a + 1. Let j(n) = -5*n**3 - 5*n**2 - 10*n + 173. Let u(v) = j(v) + 4*m(v). What are the prime factors of u(0)?
3, 59
Let s be (-2)/(6/(-3))*0. Let d be (-16 - -15) + (-145 - (0 - s)). Let k = d - -248. What are the prime factors of k?
2, 3, 17
Let m(g) = 86*g - 129. Let i be m(-7). Let z = -465 - i. What are the prime factors of z?
2, 7, 19
Let y(k) = -k**3 + 10*k**2 + 9*k + 10. Let b be y(7). Suppose -31*n + 26*n = b. What are the prime factors of (-1)/(-2) - 4466/n?
2, 3, 17
What are the prime factors of ((-4888)/(-36) + (-3 - (-145)/45))*289?
2, 17
Let l be 8188/6 - 1 - (-26)/78. Let h = l - 898. List the prime factors of h.
2, 233
Let h be -95 + (-2 + 1)*1. Let w be 7/((-147)/180)*(-45 + 66). Let v = h - w. List the prime factors of v.
2, 3, 7
Suppose 3*s = -3*n - 4 - 2, 0 = 2*n - 5*s + 4. Let l(f) = 149*f**2 - 46*f - 1. What are the prime factors of l(n)?
3, 229
Suppose -n - b = -1875 - 4617, 2*n - 13002 = b. List the prime factors of n.
2, 3, 19
Suppose -9*c - 16*c = -12*c - 111748. What are the prime factors of c?
2, 7, 307
Suppose -s + 31 = -3*r - 2*r, 3*s = 4*r + 38. Let w(c) = 6540*c - 6525*c + 0 + s. List the prime factors of w(3).
3, 17
Let l(g) = 2076*g - 741. List the prime factors of l(16).
3, 5, 433
Let p(l) = 2*l - 35. Let z be p(21). Let u(w) = -13*w**2 + 2*w**3 - 30 + 56 - 34 + 4*w. List the prime factors of u(z).
3, 23
Let d = -50 - -11. Let i = d - -126. List the prime factors of i.
3, 29
Suppose -r = -l + 52, -l = -3*l - 5*r + 139. Let v = l + -52. List the prime factors of ((-246)/(-9))/(v/15).
2, 41
Let t(j) = 30*j**2 - 307*j + 36. What are the prime factors of t(32)?
2, 5233
Suppose -22*w + 51 + 37 = 0. Suppose -3*b + a + 3844 = 0, 0 = -7*b + w*b - 5*a + 3856. What are the prime factors of b?
2, 641
Suppose -2523806 = -72*g - 517454. What are the prime factors of g?
2, 13933
Let o = 52047 - 33054. List the prime factors of o.
3, 13, 487
List the prime factors of ((-30783)/2)/((11 - 4)*39/(-546)).
3, 31, 331
Let i(g) = -15 - 15 + 4 + 111*g - 10. Let s(t) = -16*t + 5. Let c(x) = -2*i(x) - 15*s(x). What are the prime factors of c(1)?
3, 5
Let n = 44 - 30. Let a be 24/n - (-2)/7. Suppose j - 115 = -a*s, 0*s = 2*s + 3*j - 113. List the prime factors of s.
2, 29
What are the prime factors of (3288/10)/(13 - (-20433)/(-1575)) - 4?
2, 6163
Let w(l) = l**3 - 3*l + 496. Suppose -7*d - 9*d = 0. What are the prime factors of w(d)?
2, 31
Let d(c) = -3*c - 15. Let l be d(-6). Suppose 2*x - 23 = l*r - 4*r, -4 = -x. Suppose -1456 = 7*k - r*k. List the prime factors of k.
2, 7, 13
Let q(a) = -a**2 - 24*a - 35. Let m be q(-15). Let h be (6/(-5))/((-30)/m). What are the prime factors of 3/h + 1110/24?
47
Let w(q) = 24*q - 9. Let y be w(-11). Let z be 26/(-143) - 4838/11. Let i = y - z. List the prime factors of i.
167
Let j(w) = 9*w - 9. Let u be j(-3). Let c be (-4)/18 - (-9460)/u. Let r = -178 - c. What are the prime factors of r?
5, 17
Suppose -55*z = -5827 - 1543. Let c = z + 149. List the prime factors of c.
283
Let x = 995 - -9257. List the prime factors of x.
2, 11, 233
Let m be (0 + 1 - -2) + 2240/32. Let c = -70 + m. Suppose -4*z + 409 = -3*b, -b + c*b + 506 = 5*z. List the prime factors of z.
2, 5
Let t(g) = 18*g**3 - 9*g**2 - 27*g + 77. List the prime factors of t(7).
7, 11, 73
List the